{"id":5591,"date":"2024-06-21T22:28:54","date_gmt":"2024-06-21T20:28:54","guid":{"rendered":"https:\/\/yogvibha.com\/?page_id=5591"},"modified":"2024-09-09T10:59:59","modified_gmt":"2024-09-09T08:59:59","slug":"masterclass-gratuite-bandas-pranayamas-dhyana","status":"publish","type":"page","link":"https:\/\/yogvibha.com\/index.php\/masterclass-gratuite-bandas-pranayamas-dhyana\/","title":{"rendered":"Masterclass gratuite"},"content":{"rendered":"<div class=\" wp-block-group alignfull eplus-wrapper eplus-styles-uid-43e52c\"><div class=\"wp-block-group__inner-container is-layout-flow wp-block-group-is-layout-flow\"><div class=\" wp-block-columns eplus-wrapper is-layout-flex wp-container-core-columns-is-layout-1 wp-block-columns-is-layout-flex eplus-styles-uid-341cd8\"><div class=\" wp-block-column is-vertically-aligned-center eplus-wrapper is-layout-flow wp-block-column-is-layout-flow\" style=\"flex-basis:50%\"><div class=\" wp-block-group eplus-wrapper eplus-styles-uid-b8b23d\"><div class=\"wp-block-group__inner-container is-layout-flow wp-block-group-is-layout-flow\"><h4 class=\" wp-block-heading eplus-wrapper eplus-styles-uid-619b43\">Au-del\u00e0 des<\/h4>\n\n<h4 class=\" wp-block-heading eplus-wrapper eplus-styles-uid-619b43\">postures<\/h4>\n\n<div style=\"height:50px\" aria-hidden=\"true\" class=\" wp-block-spacer eplus-wrapper\"><\/div>\n\n<p class=\" eplus-wrapper eplus-styles-uid-7dc6f0\">Tu pratiques d\u00e9j\u00e0 le yoga postural et tu es curieux.se des autres aspects du yoga ?<\/p>\n\n<p class=\" eplus-wrapper eplus-styles-uid-eb50a4\">Je te propose <strong>une masterclass GRATUITE de 2H pour d\u00e9couvrir, explorer et approfondir ta compr\u00e9hension du yoga<\/strong> gr\u00e2ce \u00e0 :<\/p>\n\n<ul class=\" wp-block-list eplus-wrapper eplus-styles-uid-b514f4\"><li class=\" eplus-wrapper eplus-styles-uid-eb50a4\">la th\u00e9orie \u00e9nerg\u00e9tique, <\/li>\n\n<li class=\" eplus-wrapper eplus-styles-uid-eb50a4\">la compr\u00e9hension de ton syst\u00e8me respiratoire,<\/li>\n\n<li class=\" eplus-wrapper eplus-styles-uid-eb50a4\">la pratique de la m\u00e9ditation gr\u00e2ce \u00e0 la philosophie yogique.<\/li><\/ul>\n\n<p class=\" eplus-wrapper\"><strong>En t&rsquo;inscrivant, tu re\u00e7ois directement le replay et le PDF \u00e0 t\u00e9l\u00e9charger !<\/strong><\/p>\n\n<div class=\" wp-block-buttons eplus-wrapper is-layout-flex wp-block-buttons-is-layout-flex\"><div class=\" wp-block-button has-custom-font-size eplus-wrapper eplus-styles-uid-2e9b49\" style=\"font-size:20px\"><a class=\"wp-block-button__link has-white-color has-text-color has-background has-link-color wp-element-button\" href=\"https:\/\/b2a3c381.sibforms.com\/serve\/MUIFAFTPBF_I9g6VXaUmoYDKYZ_k58IreCdxfPMWZrT0tDjgumTzqOiv0sFneKDT6HTl92WQSeiEIvCxSh8shtmlFu-ZPQDrA75GU3dcN5SsdBZuTTJia-LXjuNFGimTiEEKzQJTdHQTSidP_1YcfruAQBn5Db7pOYEjQoJpzB8UiwHhVeJumWgktJ7GgTSfLVHps6x2cGKtJLMD\" style=\"background-color:#9c7d51\">Je m&rsquo;inscris<\/a><\/div><\/div><\/div><\/div><\/div>\n\n<div class=\" wp-block-column eplus-wrapper is-layout-flow wp-block-column-is-layout-flow\" style=\"flex-basis:50%\"><figure class=\" wp-block-image size-large eplus-wrapper\"><img loading=\"lazy\" decoding=\"async\" width=\"1080\" height=\"1440\" src=\"https:\/\/yogvibha.com\/wp-content\/uploads\/2024\/08\/Masterclass-gratuite-edited.jpg\" alt=\"\" class=\"wp-image-6111\" srcset=\"https:\/\/yogvibha.com\/wp-content\/uploads\/2024\/08\/Masterclass-gratuite-edited.jpg 1080w, https:\/\/yogvibha.com\/wp-content\/uploads\/2024\/08\/Masterclass-gratuite-edited-225x300.jpg 225w, https:\/\/yogvibha.com\/wp-content\/uploads\/2024\/08\/Masterclass-gratuite-edited-768x1024.jpg 768w, https:\/\/yogvibha.com\/wp-content\/uploads\/2024\/08\/Masterclass-gratuite-edited-300x400.jpg 300w, https:\/\/yogvibha.com\/wp-content\/uploads\/2024\/08\/Masterclass-gratuite-edited-600x800.jpg 600w\" sizes=\"(max-width: 1080px) 100vw, 1080px\" \/><\/figure><\/div><\/div>\n\n<div style=\"height:60px\" aria-hidden=\"true\" class=\" wp-block-spacer eplus-wrapper\"><\/div><\/div><\/div><div class=\" wp-block-group alignfull eplus-wrapper eplus-styles-uid-815ad3\"><div class=\"wp-block-group__inner-container is-layout-flow wp-block-group-is-layout-flow\"><div class=\" wp-block-group alignfull eplus-wrapper\"><div class=\"wp-block-group__inner-container is-layout-flow wp-block-group-is-layout-flow\"><div class=\"edplus_anim-8QY79S wp-block-group alignfull eplus-wrapper eplus-styles-uid-e4b188\"><div class=\"wp-block-group__inner-container is-layout-flow wp-block-group-is-layout-flow\"><div class=\"eplus-Ps2uZP wp-block-columns are-vertically-aligned-center eplus-wrapper is-layout-flex wp-container-core-columns-is-layout-9 wp-block-columns-is-layout-flex eplus-styles-uid-5dd4a8\"><div class=\" edplus_anim-SKjrkM wp-block-column is-vertically-aligned-center eplus-wrapper is-layout-flow wp-block-column-is-layout-flow eplus-styles-uid-ae0158\" style=\"flex-basis:100%\"><div class=\" wp-block-columns eplus-wrapper is-layout-flex wp-container-core-columns-is-layout-8 wp-block-columns-is-layout-flex eplus-styles-uid-6c657c\"><div class=\" wp-block-column eplus-wrapper is-layout-flow wp-block-column-is-layout-flow eplus-styles-uid-65f3fa\" style=\"flex-basis:100%\"><div class=\" wp-block-group alignfull eplus-wrapper eplus-styles-uid-65f3fa\"><div class=\"wp-block-group__inner-container is-layout-constrained wp-block-group-is-layout-constrained\"><div class=\" wp-block-columns eplus-wrapper is-layout-flex wp-container-core-columns-is-layout-7 wp-block-columns-is-layout-flex eplus-styles-uid-deeb73\"><div class=\" wp-block-column is-vertically-aligned-center eplus-wrapper is-layout-flow wp-block-column-is-layout-flow eplus-styles-uid-ac8131\"><h2 class=\" edplus_anim-qhqK8w wp-block-heading eplus-wrapper eplus-styles-uid-928a8a\" style=\"font-size:44px\">Programme de cette masterclass gratuite :<\/h2>\n\n<div class=\" wp-block-columns eplus-wrapper is-layout-flex wp-container-core-columns-is-layout-2 wp-block-columns-is-layout-flex eplus-styles-uid-6c7736\"><div class=\" wp-block-column eplus-wrapper is-layout-flow wp-block-column-is-layout-flow eplus-styles-uid-65f3fa\"><h6 class=\" wp-block-heading has-text-color eplus-wrapper eplus-styles-uid-d5dfef\" style=\"color:#9c7d51\">\u273a <strong>Prana, chakras, nadis et vayus<\/strong><\/h6>\n\n<p class=\" has-black-color has-text-color eplus-wrapper\">Th\u00e9orie globale autour du <strong>prana<\/strong>, ou l\u2019\u00e9nergie vitale. Comprendre les diff\u00e9rents types d\u2019\u00e9nergies (<strong>Vayus<\/strong>) et les diff\u00e9rents canaux \u00e9nerg\u00e9tiques (<strong>Nadis<\/strong>).<\/p><\/div><\/div>\n\n<div class=\" wp-block-columns eplus-wrapper is-layout-flex wp-container-core-columns-is-layout-3 wp-block-columns-is-layout-flex eplus-styles-uid-97cc2f\"><div class=\" wp-block-column eplus-wrapper is-layout-flow wp-block-column-is-layout-flow eplus-styles-uid-65f3fa\"><h6 class=\" wp-block-heading has-text-color eplus-wrapper eplus-styles-uid-d5dfef\" style=\"color:#9c7d51\">\u273a\u2002<strong>Bandas<\/strong><\/h6>\n\n<p class=\" has-black-color has-text-color eplus-wrapper\">Th\u00e9orie sur les <strong>bandas<\/strong>, les verrous \u00e9nerg\u00e9tiques du corps + mise en pratique. Bonus : d\u00e9couverte de Khechari Mudra.<\/p><\/div><\/div>\n\n<div class=\" wp-block-columns eplus-wrapper is-layout-flex wp-container-core-columns-is-layout-4 wp-block-columns-is-layout-flex eplus-styles-uid-e88346\"><div class=\" wp-block-column eplus-wrapper is-layout-flow wp-block-column-is-layout-flow eplus-styles-uid-65f3fa\"><h6 class=\" wp-block-heading has-text-color eplus-wrapper eplus-styles-uid-d5dfef\" style=\"color:#9c7d51\">\u273a\u2002<strong>Pranayamas<\/strong><\/h6>\n\n<p class=\" has-black-color has-text-color eplus-wrapper\">Th\u00e9orie sur la <strong>respiration<\/strong> &amp; compr\u00e9hension de l\u2019<strong>anatomie<\/strong> + mise en pratique.<\/p><\/div><\/div>\n\n<div class=\" wp-block-columns eplus-wrapper is-layout-flex wp-container-core-columns-is-layout-5 wp-block-columns-is-layout-flex eplus-styles-uid-e7a596\"><div class=\" wp-block-column eplus-wrapper is-layout-flow wp-block-column-is-layout-flow eplus-styles-uid-65f3fa\"><h6 class=\" wp-block-heading has-text-color eplus-wrapper eplus-styles-uid-d5dfef\" style=\"color:#9c7d51\">\u273a\u2002<strong>Dhyana <\/strong><\/h6>\n\n<p class=\" has-black-color has-text-color eplus-wrapper\">Th\u00e9orie sur le yoga et la <strong>m\u00e9ditation<\/strong> (Dhyana) gr\u00e2ce au <strong>8 branches du yoga selon les sutras de Patanjali<\/strong> + pratique.<\/p><\/div><\/div>\n\n<div class=\" wp-block-columns eplus-wrapper is-layout-flex wp-container-core-columns-is-layout-6 wp-block-columns-is-layout-flex eplus-styles-uid-c7469b\"><div class=\" wp-block-column eplus-wrapper is-layout-flow wp-block-column-is-layout-flow eplus-styles-uid-65f3fa\"><h6 class=\" wp-block-heading has-text-color eplus-wrapper eplus-styles-uid-d5dfef\" style=\"color:#9c7d51\">\u273a\u2002<strong>BONUS: PDF \u00e0 t\u00e9l\u00e9charger<\/strong><\/h6>\n\n<p class=\" has-black-color has-text-color eplus-wrapper\">T\u00e9l\u00e9chargez la pr\u00e9sentation de <strong>20 pages<\/strong> r\u00e9sumant la masterclass.<\/p><\/div><\/div><\/div><\/div><\/div><\/div>\n\n<h2 class=\" wp-block-heading has-text-align-center has-text-color has-link-color eplus-wrapper wp-elements-2c1fa346fdaf4ea7da325fe4ca2462fa\" style=\"color:#bbdef0\">\u273a \u273a \u273a<\/h2>\n\n<h3 class=\" wp-block-heading has-text-align-center eplus-wrapper\">Les remerciements des personnes qui participeront \u00e0 la masterclass<\/h3>\n\n<div style=\"height:30px\" aria-hidden=\"true\" class=\" wp-block-spacer eplus-wrapper\"><\/div>\n\n<figure class=\" wp-block-gallery has-nested-images columns-3 is-cropped eplus-wrapper wp-block-gallery-1 is-layout-flex wp-block-gallery-is-layout-flex\"><figure class=\" wp-block-image size-full eplus-wrapper\"><img loading=\"lazy\" decoding=\"async\" width=\"766\" height=\"766\" src=\"https:\/\/yogvibha.com\/wp-content\/uploads\/2024\/08\/Avis-Clients-3-edited.png\" alt=\"\" class=\"wp-image-6097\" srcset=\"https:\/\/yogvibha.com\/wp-content\/uploads\/2024\/08\/Avis-Clients-3-edited.png 766w, https:\/\/yogvibha.com\/wp-content\/uploads\/2024\/08\/Avis-Clients-3-edited-300x300.png 300w, https:\/\/yogvibha.com\/wp-content\/uploads\/2024\/08\/Avis-Clients-3-edited-150x150.png 150w, https:\/\/yogvibha.com\/wp-content\/uploads\/2024\/08\/Avis-Clients-3-edited-600x600.png 600w, https:\/\/yogvibha.com\/wp-content\/uploads\/2024\/08\/Avis-Clients-3-edited-100x100.png 100w\" sizes=\"(max-width: 766px) 100vw, 766px\" \/><\/figure>\n\n<figure class=\" wp-block-image size-full eplus-wrapper\"><img loading=\"lazy\" decoding=\"async\" width=\"794\" height=\"794\" src=\"https:\/\/yogvibha.com\/wp-content\/uploads\/2024\/08\/Avis-Clients-2-edited.png\" alt=\"\" class=\"wp-image-6096\" srcset=\"https:\/\/yogvibha.com\/wp-content\/uploads\/2024\/08\/Avis-Clients-2-edited.png 794w, https:\/\/yogvibha.com\/wp-content\/uploads\/2024\/08\/Avis-Clients-2-edited-300x300.png 300w, https:\/\/yogvibha.com\/wp-content\/uploads\/2024\/08\/Avis-Clients-2-edited-150x150.png 150w, https:\/\/yogvibha.com\/wp-content\/uploads\/2024\/08\/Avis-Clients-2-edited-768x768.png 768w, https:\/\/yogvibha.com\/wp-content\/uploads\/2024\/08\/Avis-Clients-2-edited-600x600.png 600w, https:\/\/yogvibha.com\/wp-content\/uploads\/2024\/08\/Avis-Clients-2-edited-100x100.png 100w\" sizes=\"(max-width: 794px) 100vw, 794px\" \/><\/figure>\n\n<figure class=\" wp-block-image size-full eplus-wrapper\"><img loading=\"lazy\" decoding=\"async\" width=\"1080\" height=\"720\" src=\"https:\/\/yogvibha.com\/wp-content\/uploads\/2024\/08\/Avis-Clients-1-edited-1.png\" alt=\"\" class=\"wp-image-6131\" srcset=\"https:\/\/yogvibha.com\/wp-content\/uploads\/2024\/08\/Avis-Clients-1-edited-1.png 1080w, https:\/\/yogvibha.com\/wp-content\/uploads\/2024\/08\/Avis-Clients-1-edited-1-300x200.png 300w, https:\/\/yogvibha.com\/wp-content\/uploads\/2024\/08\/Avis-Clients-1-edited-1-1024x683.png 1024w, https:\/\/yogvibha.com\/wp-content\/uploads\/2024\/08\/Avis-Clients-1-edited-1-768x512.png 768w, https:\/\/yogvibha.com\/wp-content\/uploads\/2024\/08\/Avis-Clients-1-edited-1-600x400.png 600w\" sizes=\"(max-width: 1080px) 100vw, 1080px\" \/><\/figure><\/figure>\n\n<div class=\" wp-block-cover eplus-wrapper eplus-styles-uid-c8a50e\" style=\"min-height:454px;aspect-ratio:unset;aspect-ratio:unset;\"><span aria-hidden=\"true\" class=\"wp-block-cover__background has-black-background-color has-background-dim-20 has-background-dim\"><\/span><img loading=\"lazy\" decoding=\"async\" width=\"1500\" height=\"750\" class=\"wp-block-cover__image-background wp-image-5716\" alt=\"\" src=\"https:\/\/yogvibha.com\/wp-content\/uploads\/2024\/07\/BANNIERE-SITE.jpg\" style=\"object-position:25% 50%\" data-object-fit=\"cover\" data-object-position=\"25% 50%\" srcset=\"https:\/\/yogvibha.com\/wp-content\/uploads\/2024\/07\/BANNIERE-SITE.jpg 1500w, https:\/\/yogvibha.com\/wp-content\/uploads\/2024\/07\/BANNIERE-SITE-300x150.jpg 300w, https:\/\/yogvibha.com\/wp-content\/uploads\/2024\/07\/BANNIERE-SITE-600x300.jpg 600w, https:\/\/yogvibha.com\/wp-content\/uploads\/2024\/07\/BANNIERE-SITE-1024x512.jpg 1024w, https:\/\/yogvibha.com\/wp-content\/uploads\/2024\/07\/BANNIERE-SITE-768x384.jpg 768w\" sizes=\"(max-width: 1500px) 100vw, 1500px\" \/><div class=\"wp-block-cover__inner-container is-layout-constrained wp-block-cover-is-layout-constrained\"><h3 class=\" wp-block-heading has-text-align-center has-white-color has-text-color has-link-color eplus-wrapper wp-elements-d0a496668f6f7b2e31279c3d8166d8ee\">Rejoins-moi pour cette masterclass 100% gratuite &amp; approfondis tes connaissances du yoga !<\/h3>\n\n<div class=\" wp-block-buttons eplus-wrapper is-content-justification-center is-layout-flex wp-container-core-buttons-is-layout-2 wp-block-buttons-is-layout-flex\"><div class=\" wp-block-button has-custom-font-size has-medium-font-size eplus-wrapper eplus-styles-uid-24bc9b\"><a class=\"wp-block-button__link has-white-color has-text-color has-background has-link-color has-text-align-center wp-element-button\" href=\"https:\/\/b2a3c381.sibforms.com\/serve\/MUIFAFTPBF_I9g6VXaUmoYDKYZ_k58IreCdxfPMWZrT0tDjgumTzqOiv0sFneKDT6HTl92WQSeiEIvCxSh8shtmlFu-ZPQDrA75GU3dcN5SsdBZuTTJia-LXjuNFGimTiEEKzQJTdHQTSidP_1YcfruAQBn5Db7pOYEjQoJpzB8UiwHhVeJumWgktJ7GgTSfLVHps6x2cGKtJLMD\" style=\"background-color:#9c7d51\" target=\"_blank\" rel=\"noreferrer noopener\">Je m&rsquo;inscris<\/a><\/div><\/div><\/div><\/div><\/div><\/div>\n\n<div style=\"height:40px\" aria-hidden=\"true\" class=\" wp-block-spacer eplus-wrapper\"><\/div>\n\n<h2 class=\" edplus_anim-kH0MgM wp-block-heading eplus-wrapper eplus-styles-uid-03a6db\">\u00c0 propos<\/h2><\/div><\/div><\/div><\/div><\/div><\/div>\n\n<p class=\" edplus_anim-pDNy61 eplus-wrapper eplus-styles-uid-200a38\">Pratiquante depuis plus de 10 ans et enseignante depuis 6 ans, je constate sans cesse que la profondeur du yoga est encore bien trop m\u00e9connue.<\/p>\n\n<div class=\" edplus_anim-pDNy61 wp-block-columns eplus-wrapper is-layout-flex wp-container-core-columns-is-layout-10 wp-block-columns-is-layout-flex eplus-styles-uid-728b72\"><div class=\" wp-block-column eplus-wrapper is-layout-flow wp-block-column-is-layout-flow eplus-styles-uid-1ca9b0\"><div class=\"wp-block-image is-style-default\"><figure class=\"alignright size-full eplus-wrapper eplus-styles-uid-a58f34\"><img loading=\"lazy\" decoding=\"async\" width=\"1536\" height=\"2048\" src=\"https:\/\/yogvibha.com\/wp-content\/uploads\/2024\/01\/WhatsApp-Image-2023-12-28-at-13.27.39-3.jpeg\" alt=\"\" class=\"wp-image-4766\" srcset=\"https:\/\/yogvibha.com\/wp-content\/uploads\/2024\/01\/WhatsApp-Image-2023-12-28-at-13.27.39-3.jpeg 1536w, https:\/\/yogvibha.com\/wp-content\/uploads\/2024\/01\/WhatsApp-Image-2023-12-28-at-13.27.39-3-300x400.jpeg 300w, https:\/\/yogvibha.com\/wp-content\/uploads\/2024\/01\/WhatsApp-Image-2023-12-28-at-13.27.39-3-600x800.jpeg 600w, https:\/\/yogvibha.com\/wp-content\/uploads\/2024\/01\/WhatsApp-Image-2023-12-28-at-13.27.39-3-225x300.jpeg 225w, https:\/\/yogvibha.com\/wp-content\/uploads\/2024\/01\/WhatsApp-Image-2023-12-28-at-13.27.39-3-768x1024.jpeg 768w, https:\/\/yogvibha.com\/wp-content\/uploads\/2024\/01\/WhatsApp-Image-2023-12-28-at-13.27.39-3-1152x1536.jpeg 1152w\" sizes=\"(max-width: 1536px) 100vw, 1536px\" \/><\/figure><\/div><\/div>\n\n<div class=\" wp-block-column is-vertically-aligned-center eplus-wrapper is-layout-flow wp-block-column-is-layout-flow\"><h3 class=\" wp-block-heading eplus-wrapper eplus-styles-uid-96f8cc\" style=\"font-size:32px\">Mon histoire<\/h3>\n\n<p class=\" eplus-wrapper eplus-styles-uid-1b2132\">Je me forme en 2018, pour approfondir ma pratique du yoga. C&rsquo;est alors que je d\u00e9couvre le puit de la sagesse du yoga et \u00e0 quel point c&rsquo;est <strong>une vraie philosophie de vie<\/strong>. J&rsquo;ai ador\u00e9 ma formation initiale et j&rsquo;adore enseigner. Mais l&rsquo;enseignement n&rsquo;est pas pour tout le monde et <strong>je trouve \u00e7a dommage qu&rsquo;on soit oblig\u00e9 de payer une formation \u00e0 plusieurs milliers d&rsquo;euros pour comprendre certains concepts du yoga.<\/strong><\/p>\n\n<h3 class=\" wp-block-heading eplus-wrapper eplus-styles-uid-96f8cc\" style=\"font-size:32px\">Ma mission &amp; ma m\u00e9thode<\/h3>\n\n<p class=\" eplus-wrapper eplus-styles-uid-1b2132\">Le yoga est une pratique sacr\u00e9e et elle regorge de connaissances qui m\u00e9ritent d&rsquo;\u00eatre partag\u00e9es avec le monde. C&rsquo;est pourquoi <strong>j&rsquo;aime d\u00e9mystifier le yoga pour le rendre accessible \u00e0 tous, avec des termes simples<\/strong>. En revanche, ce que je vous propose ici est la (re)d\u00e9couverte d&rsquo;<strong>une petite goute d&rsquo;eau dans un oc\u00e9an de connaissances du yoga<\/strong>, pour vous donner l&rsquo;envie, peut-\u00eatre, de rester un.e \u00e9l\u00e8ve \u00e9ternel.<\/p><\/div><\/div><\/div><\/div><ul class=\" wp-block-list eplus-wrapper eplus-styles-uid-f7167c\"><\/ul><div class=\" edplus_anim-r2jGdC wp-block-group alignfull has-white-background-color has-background eplus-wrapper eplus-styles-uid-2da486\"><div class=\"wp-block-group__inner-container is-layout-flow wp-block-group-is-layout-flow\"><h2 class=\" wp-block-heading has-text-align-center eplus-wrapper\">Les retours de mes \u00e9l\u00e8ves<\/h2>\n\n<hr class=\" wp-block-separator has-text-color has-black-color has-css-opacity has-black-background-color has-background eplus-wrapper eplus-styles-uid-80e76e\">\n\n<div class=\" wp-block-columns eplus-wrapper is-layout-flex wp-container-core-columns-is-layout-11 wp-block-columns-is-layout-flex eplus-styles-uid-51932e\"><div class=\" wp-block-column eplus-wrapper is-layout-flow wp-block-column-is-layout-flow\"><div class=\" wp-block-group eplus-wrapper\"><div class=\"wp-block-group__inner-container is-layout-flow wp-block-group-is-layout-flow\"><p class=\" has-text-align-center has-text-color eplus-wrapper eplus-styles-uid-3fa37b\" style=\"color:#000000\">\u00ab\u00a0Je recommande chaleureusement Milena \u00e0 tous ceux qui cherchent une exp\u00e9rience de yoga enrichissante et authentique.\u00a0\u00bb<\/p>\n\n<div class=\" wp-block-group eplus-wrapper eplus-styles-uid-61b1de\"><div class=\"wp-block-group__inner-container is-layout-flow wp-block-group-is-layout-flow\"><h6 class=\" wp-block-heading has-text-align-center has-black-color has-text-color eplus-wrapper eplus-styles-uid-d938b1\"><strong><strong>Martha<\/strong><\/strong><\/h6><\/div><\/div><\/div><\/div><\/div>\n\n<div class=\" wp-block-column eplus-wrapper is-layout-flow wp-block-column-is-layout-flow eplus-styles-uid-575150\"><div class=\" wp-block-group eplus-wrapper\"><div class=\"wp-block-group__inner-container is-layout-flow wp-block-group-is-layout-flow\"><p class=\" has-text-align-center has-text-color eplus-wrapper eplus-styles-uid-3fa37b\" style=\"color:#000000\">\u00ab\u00a0Vibha maitrise, valorise et respecte la philosophie, la pratique du yoga ainsi que de la m\u00e9ditation.\u00a0\u00bb<\/p>\n\n<div class=\" wp-block-group eplus-wrapper eplus-styles-uid-61b1de\"><div class=\"wp-block-group__inner-container is-layout-flow wp-block-group-is-layout-flow\"><h6 class=\" wp-block-heading has-text-align-center has-black-color has-text-color eplus-wrapper eplus-styles-uid-d938b1\"><strong><strong>Ilia<\/strong><\/strong><\/h6><\/div><\/div><\/div><\/div><\/div>\n\n<div class=\" wp-block-column eplus-wrapper is-layout-flow wp-block-column-is-layout-flow eplus-styles-uid-575150\"><div class=\" wp-block-group eplus-wrapper\"><div class=\"wp-block-group__inner-container is-layout-flow wp-block-group-is-layout-flow\"><p class=\" has-text-align-center has-text-color eplus-wrapper eplus-styles-uid-3fa37b\" style=\"color:#000000\">\u00ab\u00a0V\u00e9ritable passionn\u00e9e de yoga et de spiritualit\u00e9, Mil\u00e9na transmet tout cela avec beaucoup de talent et toujours avec le sourire.\u00a0\u00bb<\/p>\n\n<div class=\" wp-block-group eplus-wrapper eplus-styles-uid-61b1de\"><div class=\"wp-block-group__inner-container is-layout-flow wp-block-group-is-layout-flow\"><h6 class=\" wp-block-heading has-text-align-center has-black-color has-text-color eplus-wrapper eplus-styles-uid-d938b1\"><strong><strong>Sol\u00e8ne<\/strong><\/strong><\/h6><\/div><\/div><\/div><\/div><\/div><\/div><\/div><\/div><h3 class=\" edplus_anim-loBB2L wp-block-heading has-text-align-center eplus-wrapper eplus-styles-uid-e4b188\">N&rsquo;h\u00e9site plus \u00e0 t&rsquo;inscrire !<\/h3><div style=\"height:20px\" aria-hidden=\"true\" class=\" wp-block-spacer eplus-wrapper\"><\/div><p class=\" eplus-wrapper\">Nous explorons ensemble les diff\u00e9rents aspects du yoga :<\/p><ul class=\" wp-block-list eplus-wrapper eplus-styles-uid-0fbcbb\"><li class=\" eplus-wrapper\">compr\u00e9hension de l&rsquo;\u00e9nerg\u00e9tique, de la respiration et des bandas (les verrous \u00e9nerg\u00e9tiques qui aident \u00e0 guider l&rsquo;\u00e9nergie dans le corps), <\/li>\n\n<li class=\" eplus-wrapper\">aller \u00e0 la rencontre des aspects philosophiques du yoga pour mieux comprendre la m\u00e9ditation. <\/li><\/ul><p class=\" eplus-wrapper\"><strong>Bonus : 1 PDF de +20 pages qui r\u00e9sume la conf\u00e9rence et un replay disponible \u00e0 vie !<\/strong><\/p><p class=\" eplus-wrapper\">Si tu pratiques la partie physique depuis quelque temps, mais que tu en sais peu sur les autres aspects du yoga, cette masterclass est pour toi !<\/p><p class=\" eplus-wrapper\">Et si tu as d\u00e9j\u00e0 pas mal de notions, ce sera l&rsquo;occasion de revoir des classiques et peut-\u00eatre de d\u00e9couvrir de nouvelles choses. <\/p><p class=\" has-text-align-center has-small-font-size eplus-wrapper\"><em>L\u2019exploration du yoga dure toute une vie !<\/em><\/p><div class=\" wp-block-buttons eplus-wrapper is-content-justification-center is-layout-flex wp-container-core-buttons-is-layout-3 wp-block-buttons-is-layout-flex\"><div class=\" edplus_anim-NKM8at wp-block-button has-custom-font-size eplus-wrapper eplus-styles-uid-e22d42\" style=\"font-size:20px\"><a class=\"wp-block-button__link has-white-color has-text-color has-background has-link-color wp-element-button\" href=\"https:\/\/b2a3c381.sibforms.com\/serve\/MUIFAFTPBF_I9g6VXaUmoYDKYZ_k58IreCdxfPMWZrT0tDjgumTzqOiv0sFneKDT6HTl92WQSeiEIvCxSh8shtmlFu-ZPQDrA75GU3dcN5SsdBZuTTJia-LXjuNFGimTiEEKzQJTdHQTSidP_1YcfruAQBn5Db7pOYEjQoJpzB8UiwHhVeJumWgktJ7GgTSfLVHps6x2cGKtJLMD\" style=\"background-color:#9c7d51\">Je m&rsquo;inscris \u00e0 la masterclass<\/a><\/div><\/div><div style=\"height:200px\" aria-hidden=\"true\" class=\" wp-block-spacer eplus-wrapper\"><\/div>","protected":false},"excerpt":{"rendered":"<p>Au-del\u00e0 des postures Tu pratiques d\u00e9j\u00e0 le yoga postural et tu es curieux.se des autres aspects du yoga ? Je te propose une masterclass GRATUITE[&#8230;]<\/p>\n","protected":false},"author":1,"featured_media":0,"parent":0,"menu_order":0,"comment_status":"closed","ping_status":"closed","template":"","meta":{"om_disable_all_campaigns":false,"editor_plus_copied_stylings":"{}","_monsterinsights_skip_tracking":false,"_monsterinsights_sitenote_active":false,"_monsterinsights_sitenote_note":"","_monsterinsights_sitenote_category":0,"footnotes":""},"class_list":["post-5591","page","type-page","status-publish","hentry"],"aioseo_notices":[],"jetpack_sharing_enabled":true,"_links":{"self":[{"href":"https:\/\/yogvibha.com\/index.php\/wp-json\/wp\/v2\/pages\/5591"}],"collection":[{"href":"https:\/\/yogvibha.com\/index.php\/wp-json\/wp\/v2\/pages"}],"about":[{"href":"https:\/\/yogvibha.com\/index.php\/wp-json\/wp\/v2\/types\/page"}],"author":[{"embeddable":true,"href":"https:\/\/yogvibha.com\/index.php\/wp-json\/wp\/v2\/users\/1"}],"replies":[{"embeddable":true,"href":"https:\/\/yogvibha.com\/index.php\/wp-json\/wp\/v2\/comments?post=5591"}],"version-history":[{"count":132,"href":"https:\/\/yogvibha.com\/index.php\/wp-json\/wp\/v2\/pages\/5591\/revisions"}],"predecessor-version":[{"id":6229,"href":"https:\/\/yogvibha.com\/index.php\/wp-json\/wp\/v2\/pages\/5591\/revisions\/6229"}],"wp:attachment":[{"href":"https:\/\/yogvibha.com\/index.php\/wp-json\/wp\/v2\/media?parent=5591"}],"curies":[{"name":"wp","href":"https:\/\/api.w.org\/{rel}","templated":true}]}}